actors of q.
7, 11
List the prime factors of 1 + 1 - 1 - 21/(903/(-321941)).
2, 3, 13
Let k(i) = 11*i**2 + 31*i - 413. What are the prime factors of k(18)?
3709
Suppose 4*k - 85376 = -4*x, 0 = -3*k + 121*x - 116*x + 64040. What are the prime factors of k?
3, 5, 1423
Let j(c) = -5 + 2*c**3 + 2 + 22 - 24*c + 13 + 7*c**2. List the prime factors of j(6).
2, 11, 13
Let r(w) = w**2 + w + 1. Let p be r(-4). Suppose 0 = 2*h - 6*h + 2116. Suppose p*o - 134 = h. List the prime factors of o.
3, 17
Let j = 2265 - 4257. Let u = j + 3774. List the prime factors of u.
2, 3, 11
Suppose -2*k + 5*j + 307 = 0, -k - j = -0*j - 136. Suppose 0 = -4*r - k + 2189. List the prime factors of r.
2
Let l be (-35)/14*(-24)/20. Suppose -l*a = -3*k - 2*a + 3106, -3*a + 5172 = 5*k. Suppose 0 = -5*z + k - 250. What are the prime factors of z?
157
Let u(i) = 167*i**2 + 4*i - 34. What are the prime factors of u(10)?
2, 8353
Let l = 125 + 87. Suppose 2*k - l + 32 = -4*r, -r = 3*k - 290. What are the prime factors of k - (-2)/(6 - 4)?
3, 11
Let o(f) = 103*f**2 + f + 148. What are the prime factors of o(-13)?
2, 7, 179
Let s be -3 + 0 - ((-152)/2)/4. Let x be (1 - (s - -3))/((-6)/75). Let y = -157 + x. List the prime factors of y.
2, 17
Let g(a) = 3*a**2 - 9*a - 6. Suppose 13 = 8*p - 51. Let k be g(p). Let d = k + -20. What are the prime factors of d?
2, 47
Let r(a) = a**3 + 9*a**2 - 2*a - 2. Let y be r(-9). Let j = -11 + y. List the prime factors of (5 - 2 - j) + 2 - -26.
2, 13
Let i = 139 - 115. Let j = i - 13. List the prime factors of 3/3 + 268 - (-11)/j.
2, 3, 5
What are the prime factors of (0 - -1)*15292 - 8?
2, 3821
What are the prime factors of 5*(16674/35 + -4)?
2, 1181
What are the prime factors of (-2)/(-17) - 975/510*-2030?
3881
Suppose -b = 3*x - 115227, -78*x - 2*b - 192067 = -83*x. List the prime factors of x.
71, 541
Suppose p + 21 = -2*x - 4*p, 3*x - 6 = 5*p. Let d = 3 - x. What are the prime factors of (0 - d/2) + 12 + 2?
11
Suppose -3*v - 3*f + 17799 = 0, 3*v - 12*f = -17*f + 17793. What are the prime factors of v?
2, 7, 53
Suppose 4*n = -4*b - 156, -5*b - 8 - 187 = -5*n. What are the prime factors of (-5)/((-10)/1072) - (36 + b)?
7, 11
Let v(b) = b**3 + 57*b**2 + 51*b - 79. Let j(h) = 74*h + 18. Let n be j(-1). List the prime factors of v(n).
3, 67
Let t = -12614 - -52383. List the prime factors of t.
39769
Let k be 1 + 23 - (-5 + 1). List the prime factors of (-8)/k - 366/21*-38.
2, 331
Suppose 0 = -7*n + 10*n - 6. Suppose 0 = 13*y - n*y - 2871. List the prime factors of y.
3, 29
Let b be 6/(-18) + 952/12. What are the prime factors of b/(6 - 145/25)?
5, 79
Let j be (-207)/45 - (-3)/5 - -94. Let q = j + 119. What are the prime factors of q?
11, 19
Let d(g) be the second derivative of g**4/6 + 37*g**3/6 - 20*g**2 + 5*g. What are the prime factors of d(-26)?
2, 5, 7
Let m be ((-35)/(-4))/7*692 + -5. Suppose -7*l = -3*l - m. What are the prime factors of l?
5, 43
Suppose 0 = -5150*l + 5126*l + 684024. What are the prime factors of l?
11, 2591
Let y be (150/1)/(-2)*140/(-350). Suppose 12*k + 14274 = y*k. List the prime factors of k.
13, 61
Let f = 2876 + 1528. List the prime factors of f.
2, 3, 367
Let k be (-18)/4*(59/(-3) + 1). Suppose -4*j + f + 65 = 0, 0*f = 5*j - 4*f - k. Let v = 65 - j. List the prime factors of v.
7
Let u(o) = o**3 - 1 + 3*o**2 - 2*o - 4*o**2 + 6*o - 2*o + o. What are the prime factors of u(6)?
197
Let b = 39 + -39. Suppose b*g + 3787 = 7*g. Suppose 21 = -4*t + g. What are the prime factors of t?
2, 5, 13
Let l(n) = -n**3 + 6*n**2 - 9*n - 25. List the prime factors of l(-15).
5, 967
What are the prime factors of 3735/(1/(84/36))?
3, 5, 7, 83
Let y(j) = -j**2 + j + 42. Let u be y(7). Let g(i) = -6*i - 67. Let w(z) = 11*z + 134. Let s(h) = 5*g(h) + 3*w(h). What are the prime factors of s(u)?
67
Let v(g) = 2*g + 2. Let n be v(7). What are the prime factors of ((-228)/n + 1)*-48?
2, 3, 53
Let x = 155 + -146. Suppose -x*n = -0 - 684. What are the prime factors of n?
2, 19
Let c = -11 - -23. Suppose c*a - 480 = 4*a. What are the prime factors of 72/a*(-10)/(-1)?
2, 3
What are the prime factors of (-21 - -46)*3501/9?
5, 389
List the prime factors of ((-2676)/2)/((-57)/627).
2, 3, 11, 223
Let i(j) = -5*j**3 - 33*j**2 - 113*j - 1041. What are the prime factors of i(-22)?
38713
Suppose 0 = -37*b + 1483985 + 180682. Suppose 6431 = -40*o + b. What are the prime factors of o?
2, 241
Let k(w) = -w**3 + 10*w**2 + 11*w + 2. Let o be k(11). Suppose -1 - 7 = -o*p + 2*n, 2*n + 8 = p. Suppose p = -5*m + 106 - 16. List the prime factors of m.
2, 3
Let r be (-104)/(-10) - (6 + 252/(-45)). Suppose -r*q + 5 = -9*q. Suppose -780 = -5*u + q*g, -4*u - 3*g = -u - 462. List the prime factors of u.
5, 31
Suppose -x = -43 - 12. Let s be ((-3736)/(-56))/(((-24)/56)/(-3)). Suppose -x + s = 4*w. List the prime factors of w.
103
Let z(u) = -u**2 + 8*u - 8. Let y be z(6). Let g be 1550/15 + y/(-3). Suppose 2*j - 30 = g. What are the prime factors of j?
2, 3, 11
List the prime factors of (327 - 0 - 1)*(135 - 119).
2, 163
Let t = 3662 + -2885. List the prime factors of t.
3, 7, 37
Suppose -20*b + 24*b - 8 = 0. Suppose 4*x - 15 = -x - b*s, -s = -4*x + 12. Suppose -x*d + 257 = 2*f, 252 = 2*f + d + d. What are the prime factors of f?
11
Let w = 729 + -722. List the prime factors of (-4854)/(-4)*w*(-24)/(-126).
2, 809
Suppose -4*z = -x + 18137, -20*z + 90493 = 5*x - 16*z. List the prime factors of x.
3, 5, 17, 71
Let q be 11/(((-3)/6)/(-1)). What are the prime factors of (-26)/(-143) - (-986)/q?
3, 5
Suppose 5*y - 3852 = -3*z, -2*z + 5*y + 2590 = y. Suppose 6*p = 871 + z. What are the prime factors of p?
2, 3, 5
Let w = 4570 + 4145. What are the prime factors of w?
3, 5, 7, 83
Let n(m) be the second derivative of 4*m**3/3 - 3*m**2 - 17*m. Suppose -2*j - 2*j = 3*d - 22, 21 = 4*d - 3*j. What are the prime factors of n(d)?
2, 3, 7
Let x(n) = -5 + 4*n**2 - 26 - n**2 + 5*n. Let s be x(6). List the prime factors of 1 + -2 + s + -2.
2, 13
Let p be ((-22)/55)/((-1)/10). Suppose -p*r - x + 287 = 0, r - 2*x = -x + 78. List the prime factors of r.
73
Suppose 123 = 4*v - v. Let c = v + 51. What are the prime factors of c?
2, 23
Let m be 19/((-76)/(-840)) - 7. Suppose -203*d + m = -196*d. List the prime factors of d.
29
Let z = 1712 + 70. List the prime factors of z.
2, 3, 11
Let i(r) be the first derivative of r**4/4 + 8*r**3 + 21*r**2/2 - 37*r + 65. List the prime factors of i(-22).
7, 67
Let r = -488 + 478. What are the prime factors of ((-5)/r - 21/6) + 138?
3, 5
Suppose 0 = -4*s - 3 - 13. Suppose -5*m - 17 = -c, 0 = 3*c - 2*m - m - 3. List the prime factors of (c - s)*(0 + 41 + 2).
43
Let u(d) be the second derivative of 2*d**3/3 - 3*d**2/2 - 2*d - 1. Let l(g) = -3*g + 2. Let v be l(-3). List the prime factors of u(v).
41
Let x(u) = -u**2 + 2*u - 3. Let g be x(1). Let c be 12*(-4 + 1 - g). Let n(m) = -5*m + 17. List the prime factors of n(c).
7, 11
Let j be (-5)/((-140)/92) + (-6)/21. Suppose -4*a = -5*a + 2, -2*t - j*a = -10. Suppose -4 = -x, 2*v - 628 = -t*v + x. What are the prime factors of v?
2, 79
Suppose 5*f - d - 167407 = -32091, 0 = 5*f + d - 135324. List the prime factors of f.
2, 17, 199
Suppose -u = 4*d - 3*u - 20, 2*u + 5 = d. Suppose -2439 = -d*y - 824. Suppose 0 = -3*j + y - 71. List the prime factors of j.
2, 3, 7
Suppose 3*z = 295 - 1153 + 54699. List the prime factors of z.
131, 137
Let t = 15 + -3. Let h(d) = 21*d - 17. Let o(m) = 19*m - 17. Let b(u) = -5*h(u) + 6*o(u). What are the prime factors of b(t)?
7, 13
Let d(t) = 1846*t**2 - 44*t - 60. What are the prime factors of d(-3)?
2, 3, 103
Let n(h) = h**3 + 38*h**2 + 88*h + 264. What are the prime factors of n(-33)?
3, 5, 11, 17
Suppose -8*n - 4 - 4 = 0. List the prime factors of n/(7464/(-1492) + 5).
373
Let w(d) = 22*d**2 - 116*d - 85. Let f(l) = 18*l**2 - 116*l - 85. Let b(j) = 6*f(j) - 5*w(j). List the prime factors of b(-47).
13, 73
List the prime factors of 12 - (-12 - 56*(-30503)/(-22)).
2, 19417
List the prime factors of (57969/(-12))/((-3)/4).
3, 19, 113
Suppose 5*j + 2110 = 3*m - 18596, -m + j + 6904 = 0. List the prime factors of m.
6907
Suppose -11*z = u - 6*z - 5656, -28388 = -5*u + 2*z. List the prime factors of u.
2, 3, 11, 43
What are the prime factors of 2159/1 + -36 + 50?
41, 53
Suppose -1949*x -